se 3) in base 12?
-995
What is 483 (base 14) in base 10?
899
What is -3311123 (base 4) in base 14?
-5a1d
-12013 (base 4) to base 13
-241
What is -24e (base 15) in base 14?
-296
-10213 (base 4) to base 8
-447
Convert 2112 (base 4) to base 16.
96
What is -1011101111 (base 2) in base 12?
-527
-2145 (base 15) to base 16
-1b80
-411 (base 13) to base 10
-690
2c3 (base 15) to base 7
1563
4121 (base 5) to base 11
448
Convert -392e (base 15) to base 7.
-50360
Convert -1812 (base 11) to base 4.
-210020
Convert -1d0a (base 14) to base 15.
-1887
-344 (base 5) to base 10
-99
What is 21330031 (base 4) in base 6?
512301
Convert -5948 (base 15) to base 4.
-10220120
-710 (base 15) to base 4
-120312
50aa (base 13) to base 5
324000
What is -4f7 (base 16) in base 7?
-3464
What is -122120 (base 3) in base 6?
-2110
-123440 (base 5) to base 10
-4870
Convert -220200 (base 4) to base 7.
-10362
What is 16672 (base 8) in base 16?
1dba
What is 12173 (base 9) in base 2?
1111111100110
What is 612 (base 13) in base 2?
10000000101
Convert -14251 (base 6) to base 10.
-2263
Convert 4351 (base 7) to base 8.
3023
-1a24 (base 11) to base 16
-a07
Convert -11110 (base 6) to base 12.
-a96
What is 547 (base 10) in base 6?
2311
Convert 11001000111111 (base 2) to base 6.
135315
Convert 1032 (base 11) to base 14.
6d8
Convert 1f4 (base 16) to base 3.
200112
What is -226 (base 16) in base 7?
-1414
-ba7 (base 13) to base 6
-13124
Convert 288e (base 16) to base 15.
3122
Convert 24b3 (base 15) to base 9.
11646
221012 (base 3) to base 4
22220
What is 75 (base 14) in base 5?
403
-11000010 (base 3) to base 14
-10c7
What is 12637 (base 10) in base 14?
4869
Convert 8493 (base 11) to base 15.
34de
What is -4132 (base 6) in base 8?
-1630
What is -26102 (base 7) in base 2?
-1101011111111
101220202 (base 3) to base 6
100502
Convert -1050540 (base 6) to base 7.
-311340
Convert e71 (base 16) to base 5.
104242
What is 1539 (base 11) in base 6?
13054
What is -18588 (base 9) in base 16?
-324e
What is -1b18 (base 16) in base 3?
-100111220
What is 1402a (base 12) in base 8?
66042
Convert 102 (base 13) to base 2.
10101011
1324 (base 6) to base 8
524
What is -875 (base 14) in base 12?
-b73
6293 (base 12) to base 7
43251
Convert -4a6a (base 12) to base 10.
-8434
Convert 2376 (base 10) to base 7.
6633
-14a0 (base 11) to base 9
-2568
-4a5 (base 11) to base 12
-41b
Convert 1244 (base 9) to base 3.
1021111
Convert 1567 (base 8) to base 16.
377
What is -46232 (base 8) in base 10?
-19610
What is 14224 (base 5) in base 9?
1561
-29c (base 14) to base 12
-382
-41541 (base 6) to base 5
-134410
What is -6716 (base 11) in base 2?
-10001010010010
Convert -15545 (base 7) to base 12.
-2662
What is 2124 (base 7) in base 6?
3253
Convert -5160 (base 8) to base 11.
-200a
-7422 (base 8) to base 9
-5256
What is 2c1 (base 13) in base 12?
353
-10814 (base 11) to base 14
-59a0
Convert 535 (base 16) to base 13.
7b7
284 (base 14) to base 13
301
-32012 (base 8) to base 4
-3100022
Convert -22ac (base 16) to base 3.
-110011202
13445 (base 9) to base 3
110111112
Convert 24106 (base 10) to base 16.
5e2a
Convert -6622 (base 12) to base 13.
-5180
111234 (base 7) to base 3
222222200
Convert -3f1f (base 16) to base 13.
-7480
What is -133101 (base 4) in base 10?
-2001
Convert -2721 (base 9) to base 6.
-13244
-22340 (base 6) to base 3
-11022220
Convert ec00 (base 16) to base 3.
10001212122
What is 3791 (base 15) in base 7?
46336
What is 113 (base 10) in base 13?
89
Convert -622 (base 12) to base 4.
-31322
What is 1010110111 (base 2) in base 4?
22313
Convert 2b8 (base 14) to base 11.
464
What is 11110011100011 (base 2) in base 9?
23338
What is 20011 (base 6) in base 4?
220213
5206 (base 7) to base 6
12231
What is -3300013 (base 5) in base 10?
-56258
Convert -1764a (base 13) to base 6.
-544224
What is 8e4 (base 15) in base 8?
3736
40305 (base 7) to base 5
303011
-cc11 (base 13) to base 7
-145550
Convert -863b (base 15) to base 6.
-335302
-1ddd (base 14) to base 10
-5487
What is -40334 (base 5) in base 15?
-b7e
Convert -16 (base 9) to base 13.
-12
What is 560 (base 16) in base 7?
4004
Convert -171 (base 11) to base 4.
-3013
Convert 21bd (base 16) to base 5.
234022
122111001 (base 3) to base 15
3b9a
-1111000 (base 2) to base 5
-440
Convert -46778 (base 9) to base 6.
-400412
What is -1e1c (base 15) in base 10?
-6552
Convert -1677 (base 15) to base 4.
-1023211
What is 83 (base 9) in base 16?
4b
Convert -3077 (base 9) to base 14.
-b73
Convert -308 (base 16) to base 7.
-2156
Convert -1281 (base 10) to base 3.
-1202110
What is 25342 (base 6) in base 9?
5188
Convert 14274 (base 11) to base 15.
6028
Convert 6366 (base 7) to base 11.
1769
Convert 18d (base 15) to base 5.
2413
45054 (base 6) to base 4
1202122
What is -441444 (base 5) in base 15?
-47b9
Convert 55a (base 14) to base 13.
637
Convert -2044 (base 11) to base 6.
-20314
-4120 (base 12) to base 3
-100201020
Convert -2124 (base 10) to base 8.
-4114
-1244 (base 6) to base 3
-102201
Convert -1652 (base 9) to base 16.
-4ee
What is 638 (base 10) in base 16?
27e
What is -2005 (base 8) in base 6?
-4433
Convert -155b (base 13) to base 12.
-197a
-2a02 (base 11) to base 2
-111100100010
-7d73 (base 16) to base 10
-32115
71700 (base 8) to base 11
20299
What is -1063 (base 7) in base 12?
-284
-3021031 (base 5) to base 2
-1011110010001010
Convert 8f (base 16) to base 3.
12022
What is 848 (base 9) in base 13?
413
Convert cdf (base 16) to base 6.
23131
Convert -2011010 (base 3) to base 8.
-3041
Convert -6151 (base 11) to base 6.
-101443
Convert -15b7 (base 15) to base 16.
-1240
Convert -591 (base 11) to base 2.
-1011000001
2302 (base 7) to base 11
69a
341530 (base 6) to base 11
1a807
Convert 15a (base 13) to base 6.
1044
Convert -1256 (base 11) to base 3.
-2020112
What is -134 (base 11) in base 16?
-9e
-1001012 (base 3) to base 9
-1035
1201221202 (base 3) to base 4
20112311
Convert -1133 (base 4) to base 7.
-164
Convert 21200 (base 3) to base 2.
11001111
What is 73a (base 15) in base 5?
23010
Convert -3465 (base 8) to base 10.
-1845
Convert 1111 (base 3) to base 14.
2c
Convert -1110022220 (base 3) to base 16.
-6fff
What is -364 (base 7) in base 4?
-3001
70 (base 13) to base 16
5b
What is -25a74 (base 11) in base 8?
-110554
Convert 1698 (base 13) to base 8.
6410
Convert -12523 (base 8) to base 11.
-4113
-141 (base 12) to base 5
-1233
-1001011011100011 (base 2) to base 14
-10111
Convert 66c4 (base 15) to base 7.
120340
Convert -101010000010000 (base 2) to base 6.
-243344
What is -8a69 (base 11) in base 4?
-2322131
Convert 2aa (base 12) to base 4.
12202
-46d (base 16) to base 2
-10001101101
Convert 4ede (base 16) to base 9.
30623
What is -546 (base 14) in base 16?
-412
-379 (base 15) to base 14
-405
6027 (base 8) to base 15
db5
What is 347 (base 11) in base 7?
1131
Convert 4336 (base 10) to base 15.
1441
Convert 10011010 (base 2) to base 8.
232
Convert 5222 (base 8) to base 15.
c06
What is 2252 (base 6) in base 10?
536
Convert 302125 (base 6) to base 15.
70c8
What is 1325 (base 7) in base 11?
423
What is -8a3 (base 13) in base 16?
-5cd
What is 1111110000110111 (base 2) in base 4?
33300313
-1092 (base 15) to base 8
-6670
What is -34423 (base 8) in base 12?
-8557
1009 (base 13) to base 5
32311
Convert 12333012 (base 4) to base 14.
a5dc
1010001101000 (base 2) to base 5
131344
What is -53503 (base 6) in base 10?
-7311
-1865 (base 9) to base 8
-2634
What is 101100100001111 (base 2) in base 9?
34242
Convert -201010 (base 5) to base 13.
-2b9a
Convert -8332 (base 10) to base 4.
-2002030
What is 642 (base 11) in base 16?
304
162 (base 12) to base 3
22002
1000111010010 (base 2) to base 16
11d2
Convert -1691 (base 10) to base 12.
-b8b
-292 (base 14) to base 3
-201021
-1010102 (base 3) to base 10
-821
What is -21a0 (base 12) in base 2?
-111010001000
-1022020100 (base 3) to base 16
-6456
What is 10067 (base 10) in base 15?
2eb2
-2760 (base 13) to base 12
-3333
What is -10101001 (base 2) in base 5?
-1134
What is 12231300 (base 4) in base 11?
19734
What is 127573 (base 8) in base 3?
2021121211
What is aa81 (base 14) in base 15?
8b28
What is -66a (base 16) in base 2?
-11001101010
-29d (base 14) to base 6
-2243
509 (base 15) to base 2
10001101110
Convert 301 (base 16) to base 10.
769
Convert -158 (base 11) to base 2.
-10111000
Con